mber?
False
Let s(u) = 15 - 2*u**3 + u**3 - 3*u + 68 + 2*u. Is s(0) a prime number?
True
Let o(v) = -6*v**3 - v**2 + v. Let g be o(1). Let i be (18 + -2)*-1 + 1. Is (-154)/(-10) - g/i a composite number?
True
Let r = -7 - -4. Suppose 0 = -0*j + 2*j - 474. Is 2/(((-18)/j)/r) prime?
True
Is (-1)/(4/(4 - 176)) a prime number?
True
Let l = 10 - -26. Suppose 2*s - l = 118. Is s a composite number?
True
Suppose i - 5 = 0, -5*p + 3*i - 2 = 3. Suppose -3*o = -p*o - 31. Is o a prime number?
True
Let j(p) = -14*p - 15. Is j(-17) a composite number?
False
Let z(v) = 5*v + 3. Let q be z(-6). Let h = -8 - q. Is h prime?
True
Let w(r) = r**3 + 10*r**2 + 7*r - 12. Let k be w(-9). Let y(i) = 14*i - 1. Is y(k) composite?
False
Let c(h) = 815*h. Let x be c(1). Let w(y) = y - 2. Let u be w(4). Suppose -7*k + u*k = -x. Is k a prime number?
True
Let h = 374 - 79. Is h a composite number?
True
Suppose 2 + 3 = -5*c. Is c/((-3)/(-57)*-1) a composite number?
False
Let s(o) be the second derivative of o**5/60 - o**3/3 - 3*o. Let h(j) be the second derivative of s(j). Is h(5) a prime number?
False
Let c(q) = -11*q - 24. Is c(-7) a prime number?
True
Let o be (-3)/(-12) + 141/12. Suppose o = -i + 5*i. Is i prime?
True
Let i(o) = o**2 + 9*o + 4. Let k be i(-9). Suppose k*j - 7 = a, 5*j + a + 0 = 20. Suppose 3*t = 4*p + 445, -j*p + 170 = 3*t - 247. Is t a prime number?
False
Let i(f) = 6*f - 29. Is i(11) composite?
False
Let p = 6 - 4. Suppose p*t + 26 = 3*t. Is t a composite number?
True
Let n = 22 + -11. Let h(r) = 2*r**2 + 5*r - 4. Let a be h(-4). Suppose a = l - n. Is l prime?
True
Let m be (25/15)/(1/3). Suppose 637 = m*g - 33. Is g composite?
True
Let q(i) = i**3 - 5*i**2 - 12*i - 3. Is q(10) a prime number?
False
Let u(t) = 11*t**2 - 2*t - 7. Is u(-6) composite?
False
Let c be 4 + (15/3 - 3). Let r = -3 + c. Is r a composite number?
False
Is 5974/(-1)*(-10)/20 a prime number?
False
Let m(c) = c**2 - 12*c + 3. Is m(-6) composite?
True
Suppose 5*w = t - 823, -4*w + w - 2*t - 499 = 0. Let g = 101 + w. Let y = 13 - g. Is y prime?
False
Let v = -38 - -84. Is v a composite number?
True
Let w(t) be the first derivative of 2 + 0*t**2 + t + 50/3*t**3. Is w(-1) a composite number?
True
Let f be (-724)/(-16) - (-1)/(-4). Suppose 4*k + 6*k = 820. Let h = k - f. Is h a prime number?
True
Is 3220/60 + (-2 - (-8)/6) composite?
False
Let v(c) = 21*c**3 + 10*c**2 + 4*c - 19. Is v(8) a prime number?
False
Let n(b) = -6*b - 3. Suppose -3*x + 11 - 29 = 0. Is n(x) composite?
True
Suppose 2*z = 2*h + 2, -3*z - 5 = -0*h + 5*h. Is (z - -23 - 0) + -2 a prime number?
False
Let i(p) = -p - 1. Let k be i(1). Is (-21)/6*k*11 prime?
False
Suppose 0 = -4*c + 8, -2 = 2*z - 3*c - 8. Suppose -3*n = -n - z. Is 98 - 1*(-2 + n) composite?
False
Is (-355)/(-2) + (-4)/8 a composite number?
True
Suppose 45 = 4*w - 5*o, 2*o + 5 = 2*w - 3*w. Suppose n + 5*s + 596 = w*n, -5*s = 2*n - 298. Is n composite?
False
Suppose -2*h + 813 = -j, 0*h + 1202 = 3*h - 5*j. Is h a prime number?
True
Let s(l) = 178*l - 1. Is s(2) prime?
False
Suppose -2*w - 4*f = -5112 - 6590, -4*w + 4*f = -23416. Is w a prime number?
False
Is (-116)/(-6) + 2/(-6) prime?
True
Let o(w) = w**2 + 8*w + 5. Let x be o(-8). Suppose 0 = 3*j + 4*f - 781, j = x*f - 0*f + 254. Is j composite?
True
Let w be ((-1)/(-3))/((-1)/(-3)). Let j be (w + 11)/(4 + -2). Suppose j*r - 635 = r. Is r a prime number?
True
Suppose -5*c = -c - 12. Suppose 2*t = -3*l + c, -t + 3*l - l + 5 = 0. Is t a prime number?
True
Let n(x) = -x**2 - 11*x - 5. Is n(-6) a prime number?
False
Let b(u) = -u + 1. Let n be b(-4). Suppose 0 = -3*m - v - v + 922, -5*m + 4*v + 1544 = 0. Suppose -y = -n*y + m. Is y a prime number?
False
Suppose -2*b + 1605 + 487 = 0. Let d be b/10 - (-2)/5. Suppose -u - d = -4*u. Is u a prime number?
False
Suppose -d = -2*n + 2*d + 2086, 0 = d. Is n composite?
True
Let v(k) = 18*k**2 + k - 9. Suppose -3*s = -2*g - 24, 4*g + 28 = -0*s + s. Is v(g) prime?
False
Let h = -29 - -42. Is h a prime number?
True
Let n(v) be the third derivative of 29/24*v**4 + v**2 + 0 + 0*v - 1/2*v**3. Is n(2) composite?
True
Is (258 - 5) + 3 + 1 prime?
True
Is ((-68)/(-8))/(14/(-8) - -2) composite?
True
Let p(a) = a + 7. Let t be p(-7). Suppose -3*d + 711 = -t*d. Is d a prime number?
False
Let l(n) = -228*n + 3. Is l(-3) a composite number?
True
Let v(a) = -a**3 - 14*a**2 - 2*a - 17. Is v(-14) composite?
False
Suppose -165 = -0*h - h - 2*y, -5*h + 2*y + 825 = 0. Suppose -a = -6*a + h. Is a a composite number?
True
Suppose 0 = 2*s - s - 14. Let x = -10 + s. Is 254/x*10/5 a composite number?
False
Let d be 4/18 - (-86)/18. Suppose d*f - 3 - 7 = 0. Suppose -f*s - i + 58 = 0, -2*i = -2*s - 2*s + 132. Is s a prime number?
True
Let h(m) = m**3 + 2*m**2 + m. Let v be h(-1). Suppose v = k - 6 - 17. Is k a prime number?
True
Suppose -4*u + 22 = -6. Let p = u + 7. Is p a prime number?
False
Let r(k) = k - 2. Let z be r(4). Suppose z*j + 3*q = 39, 27 + 74 = 5*j + 4*q. Is j a composite number?
True
Suppose 4*m = -286 - 38. Let o = m - -136. Is o composite?
True
Let v = 392 - -2013. Suppose 5*u - 2403 = -r + 5*r, -5*u = -5*r - v. Is u a composite number?
False
Suppose 3*v = -10 - 5. Let f(j) = -j**2 - 5*j + 1. Let u be f(v). Is (-2 - -1) + 28 - u prime?
False
Let n(b) = b**3 - 8*b**2 + 7*b - 6. Let z be n(7). Let p(q) be the third derivative of -q**6/120 - q**5/15 - q**4/12 + 7*q**3/6 + 2*q**2. Is p(z) composite?
True
Suppose 0*h + 2*h + 3622 = 0. Is h/(-9) - 8/36 a prime number?
False
Is (-25120)/(-24) - -3*4/(-18) composite?
True
Let t(q) = 6*q + 1. Let f be t(7). Suppose 36 = 4*n - n. Suppose r - p - f = -6*p, -n = -3*p. Is r a prime number?
True
Suppose r - 2787 = -0*r. Is r composite?
True
Let a = 113 + -54. Let n = a + -28. Suppose 0 = 4*o - 5*o + n. Is o a composite number?
False
Is 1*(1 - 2) - -486 a prime number?
False
Let o = 3 + -9. Let a be 12/18 + 16/o. Is (a + -1)*19*-1 a prime number?
False
Is (-6)/8 - 5621/(-44) prime?
True
Suppose 2*z + 3*u = 16, 5*z - 26 = -0*z - 4*u. Suppose -z*m - x + 319 = 2*m, -4*x + 12 = 0. Is m prime?
True
Suppose -7*l + 20 = -3*l - 4*b, 0 = 3*l + 3*b - 21. Suppose 121 = 3*m + 2*i, 3*m + 2*i + 101 = l*m. Is m prime?
True
Suppose 56 + 26 = g. Is g prime?
False
Suppose 0 = 2*l + 2*l - 8. Suppose 2*m - 8 = -2*z, -m - l*m - 2*z + 11 = 0. Suppose 2*c = m*c - 119. Is c a prime number?
False
Let f(s) = 2*s**2 - 1. Let k be f(-1). Let j = k - -4. Suppose -2*o + 2 = 5*m - 28, j*o = 4*m + 75. Is o a prime number?
False
Is (1 - 3/2)/(6/(-10308)) a composite number?
False
Let a(l) = -l**3 - 3*l**2 + 9*l + 1. Let b(u) = -5*u**2 - 1. Let k be (2 + -1 + -2)/(-1). Let c be b(k). Is a(c) prime?
False
Let g be 9/3 - (3 + -2). Suppose -r = 3*r - 196. Suppose -3*p + r = -g*p. Is p composite?
True
Suppose 4*s + 6 = 2*j, 1 = -4*s + s + 5*j. Let z = 56 + -21. Is z + (-4)/s*1 prime?
True
Let m be 16/(-40) + 44/10. Suppose -m = -2*a - 0*a. Suppose -5*t = 4*z - 173, -2*t = -a*z - 0*z + 64. Is z a composite number?
False
Suppose 1043 = -2*l + 3*l. Is l a prime number?
False
Let a = -472 - 44. Let w = a - -853. Is w composite?
False
Suppose -4*m + 2109 = k, -5*m + 3*k - 1584 = -8*m. Is m a composite number?
True
Let t(o) = 44*o + 13. Is t(9) a composite number?
False
Suppose 7*k - 51 = 6*k. Is k a composite number?
True
Let n(t) = -21*t**2 + t. Let g be n(2). Suppose k + 3*c + 18 = 0, -2*k = 2*k + 4*c + 96. Let d = k - g. Is d a composite number?
True
Let a(g) = -144*g + 1. Let o(q) be the second derivative of -q**4/12 - 3*q. Let x be o(1). Is a(x) prime?
False
Suppose x = -2*b - 209, b - 836 = 4*x - 0*b. Let q = -140 - x. Is q a composite number?
True
Suppose -7*i + 2*i - 4*z = -1891, 3*i - z - 1138 = 0. Is i a prime number?
True
Suppose -3*s = -5*c - 82, -c = 2*c - 12. Is s prime?
False
Let c(d) = d + 11. Let q be c(-9). Suppose 4*a = 2*j + 538, -3*a - q*j + 396 = -11. Let s = 14 + a. Is s a composite number?
False
Suppose -2*q + 358 - 312 = 0. Is q prime?
True
Let c = -8 - -10. Is (c - 1)*2 - -95 composite?
False
Let x be (-42)/4*16/(-24). Suppose 3*a + 1 - x = 0. Suppose -v + a*n - 7*n = -54, 0 = 3*n + 15. Is v composite?
False
Let a = -58 + 95. Is a a prime number?
True
Suppose d = 110 + 269. Is d a composite number?
False
Let q(n) = -59*n. Let c(s) = s**3 + 5*s**2 - 1. L